{"id":138,"date":"2026-04-29T18:40:46","date_gmt":"2026-04-29T16:40:46","guid":{"rendered":"https:\/\/pensiongrol-new:8890\/kamer\/chambre-du-soleil\/"},"modified":"2026-05-03T21:46:57","modified_gmt":"2026-05-03T19:46:57","slug":"chambre-du-soleil","status":"publish","type":"kamer","link":"https:\/\/demo.pensiongrol.nl\/fr\/kamer\/chambre-du-soleil\/","title":{"rendered":"Chambre du Soleil"},"content":{"rendered":"<p>La Chambre du Soleil est notre chambre individuelle et se situe au premier \u00e9tage. Bien que notre chambre individuelle soit naturellement beaucoup plus petite que nos chambres doubles, elle est tr\u00e8s intime et chaleureuse. Cette chambre dispose \u00e9galement, bien entendu, de sa propre salle de bain. <\/p>\n<ul>\n<li>Lit simple (0,90 m x 2,00 m)<\/li>\n<li>Salle de bain avec douche et toilettes<\/li>\n<li>Table rabattable avec 1 chaise<\/li>\n<li>Climatisation, avec air froid et chaud<\/li>\n<li>Armoire<\/li>\n<li>Petit r\u00e9frig\u00e9rateur<\/li>\n<li>T\u00e9l\u00e9viseur \u00e0 \u00e9cran plat (pivotant et visible depuis le lit)<\/li>\n<li>Toutes les chambres disposent du Wi-Fi gratuit, d\u2019un coffre-fort, d\u2019un r\u00e9frig\u00e9rateur, d\u2019un s\u00e8che-cheveux, d\u2019une machine \u00e0 caf\u00e9 Senseo et d\u2019une bouilloire<\/li>\n<\/ul>\n","protected":false},"excerpt":{"rendered":"<p>La Chambre du Soleil est notre chambre individuelle et se situe au premier \u00e9tage. Bien que notre chambre individuelle soit naturellement beaucoup plus petite que nos chambres doubles&#8230; <\/p>\n","protected":false},"featured_media":74,"menu_order":10,"template":"","class_list":["post-138","kamer","type-kamer","status-publish","has-post-thumbnail","hentry"],"acf":{"kamer_beschrijving":"Chambre pour 1 personne, au premier \u00e9tage. Moins spacieuse que les chambres \u00e0 deux lits, mais charmante et confortable. Dispose d\u2019une salle ...","kamer_fotogalerij":[399,75,76,77],"kamer_max_personen":1,"kamer_prijs_van":75,"kamer_prijs_tot":115,"kamer_verdieping":"1e","kamer_oppervlakte":"","kamer_bed_type":"Eenpersoonsbed 0,90m \u00d7 2,00m","kamer_voorzieningen":["badkamer","wifi","tv","kluis","airco"]},"_links":{"self":[{"href":"https:\/\/demo.pensiongrol.nl\/fr\/wp-json\/wp\/v2\/kamer\/138","targetHints":{"allow":["GET"]}}],"collection":[{"href":"https:\/\/demo.pensiongrol.nl\/fr\/wp-json\/wp\/v2\/kamer"}],"about":[{"href":"https:\/\/demo.pensiongrol.nl\/fr\/wp-json\/wp\/v2\/types\/kamer"}],"acf:attachment":[{"embeddable":true,"href":"https:\/\/demo.pensiongrol.nl\/fr\/wp-json\/wp\/v2\/media\/77"},{"embeddable":true,"href":"https:\/\/demo.pensiongrol.nl\/fr\/wp-json\/wp\/v2\/media\/76"},{"embeddable":true,"href":"https:\/\/demo.pensiongrol.nl\/fr\/wp-json\/wp\/v2\/media\/75"},{"embeddable":true,"href":"https:\/\/demo.pensiongrol.nl\/fr\/wp-json\/wp\/v2\/media\/399"}],"wp:featuredmedia":[{"embeddable":true,"href":"https:\/\/demo.pensiongrol.nl\/fr\/wp-json\/wp\/v2\/media\/74"}],"wp:attachment":[{"href":"https:\/\/demo.pensiongrol.nl\/fr\/wp-json\/wp\/v2\/media?parent=138"}],"curies":[{"name":"wp","href":"https:\/\/api.w.org\/{rel}","templated":true}]}}

<p>La Chambre du Soleil est notre chambre individuelle et se situe au premier étage. Bien que notre chambre individuelle soit naturellement beaucoup plus petite que nos chambres doubles, elle est très intime et chaleureuse. Cette chambre dispose également, bien entendu, de sa propre salle de bain. </p>
<ul>
<li>Lit simple (0,90 m x 2,00 m)</li>
<li>Salle de bain avec douche et toilettes</li>
<li>Table rabattable avec 1 chaise</li>
<li>Climatisation, avec air froid et chaud</li>
<li>Armoire</li>
<li>Petit réfrigérateur</li>
<li>Téléviseur à écran plat (pivotant et visible depuis le lit)</li>
<li>Toutes les chambres disposent du Wi-Fi gratuit, d’un coffre-fort, d’un réfrigérateur, d’un sèche-cheveux, d’une machine à café Senseo et d’une bouilloire</li>
</ul>

<p>La Chambre du Soleil est notre chambre individuelle et se situe au premier étage. Bien que notre chambre individuelle soit naturellement beaucoup plus petite que nos chambres doubles&#8230; </p>

Chambre pour 1 personne, au premier étage. Moins spacieuse que les chambres à deux lits, mais charmante et confortable. Dispose d’une salle ...
