{"id":132,"date":"2026-04-29T18:40:46","date_gmt":"2026-04-29T16:40:46","guid":{"rendered":"https:\/\/pensiongrol-new:8890\/kamer\/chambre-jardin\/"},"modified":"2026-05-03T21:46:49","modified_gmt":"2026-05-03T19:46:49","slug":"chambre-jardin","status":"publish","type":"kamer","link":"https:\/\/demo.pensiongrol.nl\/fr\/kamer\/chambre-jardin\/","title":{"rendered":"Chambre Jardin"},"content":{"rendered":"<p>La Chambre Jardin est une chambre double de luxe situ\u00e9e au premier \u00e9tage. Cette chambre est une pi\u00e8ce romantique, gr\u00e2ce \u00e0 son lit plac\u00e9 dans une alc\u00f4ve agr\u00e9ment\u00e9e de rideaux. La salle de bain spacieuse dispose d\u2019une baignoire baln\u00e9o et d\u2019une douche. La vue depuis la Chambre Jardin sur notre jardin est fantastique !<\/p>\n<ul>\n<li>Lit boxspring pour deux personnes (1,60 m x 2,10 m)<\/li>\n<li>Salle de bain avec baignoire baln\u00e9o, douche et toilettes<\/li>\n<li>Coin salon avec deux chaises<\/li>\n<li>Table \u00e0 manger avec deux chaises<\/li>\n<li>Penderie<\/li>\n<li>Petit r\u00e9frig\u00e9rateur<\/li>\n<li>T\u00e9l\u00e9viseur \u00e0 \u00e9cran plat (pivotant et \u00e9galement visible depuis le lit)<\/li>\n<li>Toutes les chambres disposent d\u2019une connexion Wi-Fi gratuite, d\u2019un coffre-fort, d\u2019un r\u00e9frig\u00e9rateur, d\u2019un s\u00e8che-cheveux, d\u2019une machine \u00e0 caf\u00e9 Senseo et d\u2019une bouilloire<\/li>\n<\/ul>\n","protected":false},"excerpt":{"rendered":"<p>La Chambre Jardin au premier \u00e9tage est une chambre double de luxe. Cette chambre est une pi\u00e8ce romantique, gr\u00e2ce au lit plac\u00e9 dans une alc\u00f4ve&#8230;<\/p>\n","protected":false},"featured_media":82,"menu_order":8,"template":"","class_list":["post-132","kamer","type-kamer","status-publish","has-post-thumbnail","hentry"],"acf":{"kamer_beschrijving":"Luxueuse chambre pour deux personnes au 1er \u00e9tage. Chambre romantique gr\u00e2ce \u00e0 l\u2019alc\u00f4ve, dans laquelle se niche un petit lit douillet pour ...","kamer_fotogalerij":[398,83,84,85],"kamer_max_personen":2,"kamer_prijs_van":140,"kamer_prijs_tot":160,"kamer_verdieping":"1e","kamer_oppervlakte":"","kamer_bed_type":"Tweepersoons boxspring 1,60m \u00d7 2,10m","kamer_voorzieningen":["badkamer","wifi","tv","kluis","tuinzicht"]},"_links":{"self":[{"href":"https:\/\/demo.pensiongrol.nl\/fr\/wp-json\/wp\/v2\/kamer\/132","targetHints":{"allow":["GET"]}}],"collection":[{"href":"https:\/\/demo.pensiongrol.nl\/fr\/wp-json\/wp\/v2\/kamer"}],"about":[{"href":"https:\/\/demo.pensiongrol.nl\/fr\/wp-json\/wp\/v2\/types\/kamer"}],"acf:attachment":[{"embeddable":true,"href":"https:\/\/demo.pensiongrol.nl\/fr\/wp-json\/wp\/v2\/media\/85"},{"embeddable":true,"href":"https:\/\/demo.pensiongrol.nl\/fr\/wp-json\/wp\/v2\/media\/84"},{"embeddable":true,"href":"https:\/\/demo.pensiongrol.nl\/fr\/wp-json\/wp\/v2\/media\/83"},{"embeddable":true,"href":"https:\/\/demo.pensiongrol.nl\/fr\/wp-json\/wp\/v2\/media\/398"}],"wp:featuredmedia":[{"embeddable":true,"href":"https:\/\/demo.pensiongrol.nl\/fr\/wp-json\/wp\/v2\/media\/82"}],"wp:attachment":[{"href":"https:\/\/demo.pensiongrol.nl\/fr\/wp-json\/wp\/v2\/media?parent=132"}],"curies":[{"name":"wp","href":"https:\/\/api.w.org\/{rel}","templated":true}]}}

<p>La Chambre Jardin est une chambre double de luxe située au premier étage. Cette chambre est une pièce romantique, grâce à son lit placé dans une alcôve agrémentée de rideaux. La salle de bain spacieuse dispose d’une baignoire balnéo et d’une douche. La vue depuis la Chambre Jardin sur notre jardin est fantastique !</p>
<ul>
<li>Lit boxspring pour deux personnes (1,60 m x 2,10 m)</li>
<li>Salle de bain avec baignoire balnéo, douche et toilettes</li>
<li>Coin salon avec deux chaises</li>
<li>Table à manger avec deux chaises</li>
<li>Penderie</li>
<li>Petit réfrigérateur</li>
<li>Téléviseur à écran plat (pivotant et également visible depuis le lit)</li>
<li>Toutes les chambres disposent d’une connexion Wi-Fi gratuite, d’un coffre-fort, d’un réfrigérateur, d’un sèche-cheveux, d’une machine à café Senseo et d’une bouilloire</li>
</ul>

<p>La Chambre Jardin au premier étage est une chambre double de luxe. Cette chambre est une pièce romantique, grâce au lit placé dans une alcôve&#8230;</p>

Luxueuse chambre pour deux personnes au 1er étage. Chambre romantique grâce à l’alcôve, dans laquelle se niche un petit lit douillet pour ...
