{"id":129,"date":"2026-04-29T18:40:46","date_gmt":"2026-04-29T16:40:46","guid":{"rendered":"https:\/\/pensiongrol-new:8890\/kamer\/chambre-prestige\/"},"modified":"2026-05-03T21:45:49","modified_gmt":"2026-05-03T19:45:49","slug":"chambre-prestige","status":"publish","type":"kamer","link":"https:\/\/demo.pensiongrol.nl\/fr\/kamer\/chambre-prestige\/","title":{"rendered":"Chambre Prestige"},"content":{"rendered":"<p>La Chambre Prestige est une chambre double de luxe tr\u00e8s spacieuse situ\u00e9e au rez-de-chauss\u00e9e. Cette chambre est d\u00e9cor\u00e9e avec go\u00fbt et dispose d\u2019un magnifique lit double. De plus, la Chambre Prestige dispose d\u2019une cabine de douche avec divers jets de massage et, bien entendu, d\u2019une fonction de douche classique.<\/p>\n<ul>\n<li>Lit double (1,80 m x 2,10 m)<\/li>\n<li>Cabine de douche directement dans la chambre (pas dans la salle de bain !)<\/li>\n<li>\u00ab Salle de bain \u00bb avec toilettes et lavabo<\/li>\n<li>Table \u00e0 manger avec deux chaises<\/li>\n<li>Coin salon avec deux fauteuils (dans la v\u00e9randa pr\u00e8s de l\u2019entr\u00e9e ; fait partie de la Chambre Prestige)<\/li>\n<li>Penderie<\/li>\n<li>Grand r\u00e9frig\u00e9rateur SMEG<\/li>\n<li>Climatisation, avec air froid et chaud<\/li>\n<li>T\u00e9l\u00e9viseur \u00e0 \u00e9cran plat (orientable et visible depuis le lit)<\/li>\n<li>Toutes les chambres disposent du Wi-Fi gratuit, d\u2019un coffre-fort, d\u2019un r\u00e9frig\u00e9rateur, d\u2019un s\u00e8che-cheveux, d\u2019une machine \u00e0 caf\u00e9 Senseo et d\u2019une bouilloire<\/li>\n<\/ul>\n","protected":false},"excerpt":{"rendered":"<p>La Chambre Prestige est une chambre double de luxe tr\u00e8s spacieuse situ\u00e9e au rez-de-chauss\u00e9e. Cette chambre est d\u00e9cor\u00e9e avec go\u00fbt et dispose d\u2019un magnifique lit double&#8230;<\/p>\n","protected":false},"featured_media":70,"menu_order":7,"template":"","class_list":["post-129","kamer","type-kamer","status-publish","has-post-thumbnail","hentry"],"acf":{"kamer_beschrijving":"Tr\u00e8s spacieuse et luxueuse chambre \u00e0 deux lits au rez-de-chauss\u00e9e. Cette chambre est d\u00e9cor\u00e9e avec go\u00fbt, avec un tr\u00e8s confortable lit pour deux personnes.","kamer_fotogalerij":[370,71,72,73],"kamer_max_personen":2,"kamer_prijs_van":160,"kamer_prijs_tot":200,"kamer_verdieping":"BG","kamer_oppervlakte":"","kamer_bed_type":"Tweepersoonsbed 1,80m \u00d7 2,10m","kamer_voorzieningen":["badkamer","wifi","tv","kluis","airco"]},"_links":{"self":[{"href":"https:\/\/demo.pensiongrol.nl\/fr\/wp-json\/wp\/v2\/kamer\/129","targetHints":{"allow":["GET"]}}],"collection":[{"href":"https:\/\/demo.pensiongrol.nl\/fr\/wp-json\/wp\/v2\/kamer"}],"about":[{"href":"https:\/\/demo.pensiongrol.nl\/fr\/wp-json\/wp\/v2\/types\/kamer"}],"acf:attachment":[{"embeddable":true,"href":"https:\/\/demo.pensiongrol.nl\/fr\/wp-json\/wp\/v2\/media\/73"},{"embeddable":true,"href":"https:\/\/demo.pensiongrol.nl\/fr\/wp-json\/wp\/v2\/media\/72"},{"embeddable":true,"href":"https:\/\/demo.pensiongrol.nl\/fr\/wp-json\/wp\/v2\/media\/71"},{"embeddable":true,"href":"https:\/\/demo.pensiongrol.nl\/fr\/wp-json\/wp\/v2\/media\/370"}],"wp:featuredmedia":[{"embeddable":true,"href":"https:\/\/demo.pensiongrol.nl\/fr\/wp-json\/wp\/v2\/media\/70"}],"wp:attachment":[{"href":"https:\/\/demo.pensiongrol.nl\/fr\/wp-json\/wp\/v2\/media?parent=129"}],"curies":[{"name":"wp","href":"https:\/\/api.w.org\/{rel}","templated":true}]}}

<p>La Chambre Prestige est une chambre double de luxe très spacieuse située au rez-de-chaussée. Cette chambre est décorée avec goût et dispose d’un magnifique lit double. De plus, la Chambre Prestige dispose d’une cabine de douche avec divers jets de massage et, bien entendu, d’une fonction de douche classique.</p>
<ul>
<li>Lit double (1,80 m x 2,10 m)</li>
<li>Cabine de douche directement dans la chambre (pas dans la salle de bain !)</li>
<li>« Salle de bain » avec toilettes et lavabo</li>
<li>Table à manger avec deux chaises</li>
<li>Coin salon avec deux fauteuils (dans la véranda près de l’entrée ; fait partie de la Chambre Prestige)</li>
<li>Penderie</li>
<li>Grand réfrigérateur SMEG</li>
<li>Climatisation, avec air froid et chaud</li>
<li>Téléviseur à écran plat (orientable et visible depuis le lit)</li>
<li>Toutes les chambres disposent du Wi-Fi gratuit, d’un coffre-fort, d’un réfrigérateur, d’un sèche-cheveux, d’une machine à café Senseo et d’une bouilloire</li>
</ul>

<p>La Chambre Prestige est une chambre double de luxe très spacieuse située au rez-de-chaussée. Cette chambre est décorée avec goût et dispose d’un magnifique lit double&#8230;</p>

Très spacieuse et luxueuse chambre à deux lits au rez-de-chaussée. Cette chambre est décorée avec goût, avec un très confortable lit pour deux personnes.
