{"id":126,"date":"2026-04-29T18:40:46","date_gmt":"2026-04-29T16:40:46","guid":{"rendered":"https:\/\/pensiongrol-new:8890\/kamer\/chambre-des-roses\/"},"modified":"2026-05-03T21:46:39","modified_gmt":"2026-05-03T19:46:39","slug":"chambre-des-roses","status":"publish","type":"kamer","link":"https:\/\/demo.pensiongrol.nl\/fr\/kamer\/chambre-des-roses\/","title":{"rendered":"Chambre des Roses"},"content":{"rendered":"<p>La Chambre des Roses est une chambre double de luxe situ\u00e9e au premier \u00e9tage, dot\u00e9e d\u2019un lit double spacieux et extra-long. Les rideaux aux motifs de roses et le papier peint floral font de cette pi\u00e8ce une chambre magnifique et chaleureuse. <\/p>\n<ul>\n<li>Lit double (1,80 m x 2,10 m)<\/li>\n<li>Salle de bain avec douche et toilettes<\/li>\n<li>Coin salon avec deux chaises<\/li>\n<li>Table \u00e0 manger avec deux chaises<\/li>\n<li>Penderie<\/li>\n<li>Petit r\u00e9frig\u00e9rateur<\/li>\n<li>T\u00e9l\u00e9viseur \u00e0 \u00e9cran plat (orientable, visible \u00e9galement depuis le lit)<\/li>\n<li>Toutes les chambres disposent d\u2019une connexion Wi-Fi gratuite, d\u2019un coffre-fort, d\u2019un r\u00e9frig\u00e9rateur, d\u2019un s\u00e8che-cheveux, d\u2019une machine \u00e0 caf\u00e9 Senseo et d\u2019une bouilloire<\/li>\n<\/ul>\n","protected":false},"excerpt":{"rendered":"<p>La Chambre des Roses, situ\u00e9e au premier \u00e9tage, est une chambre double de luxe avec un lit double spacieux et extra-long. Les rideaux de roses et le papier peint floral&#8230; <\/p>\n","protected":false},"featured_media":86,"menu_order":6,"template":"","class_list":["post-126","kamer","type-kamer","status-publish","has-post-thumbnail","hentry"],"acf":{"kamer_beschrijving":"Luxueuse chambre pour deux personnes au 1er \u00e9tage avec un lit spacieux et extra long pour deux personnes. Les tentures et le papier peint ...","kamer_fotogalerij":[392,87,88,89],"kamer_max_personen":2,"kamer_prijs_van":140,"kamer_prijs_tot":180,"kamer_verdieping":"1e","kamer_oppervlakte":"","kamer_bed_type":"Tweepersoonsbed 1,80m \u00d7 2,10m","kamer_voorzieningen":["badkamer","wifi","tv","kluis"]},"_links":{"self":[{"href":"https:\/\/demo.pensiongrol.nl\/fr\/wp-json\/wp\/v2\/kamer\/126","targetHints":{"allow":["GET"]}}],"collection":[{"href":"https:\/\/demo.pensiongrol.nl\/fr\/wp-json\/wp\/v2\/kamer"}],"about":[{"href":"https:\/\/demo.pensiongrol.nl\/fr\/wp-json\/wp\/v2\/types\/kamer"}],"acf:attachment":[{"embeddable":true,"href":"https:\/\/demo.pensiongrol.nl\/fr\/wp-json\/wp\/v2\/media\/89"},{"embeddable":true,"href":"https:\/\/demo.pensiongrol.nl\/fr\/wp-json\/wp\/v2\/media\/88"},{"embeddable":true,"href":"https:\/\/demo.pensiongrol.nl\/fr\/wp-json\/wp\/v2\/media\/87"},{"embeddable":true,"href":"https:\/\/demo.pensiongrol.nl\/fr\/wp-json\/wp\/v2\/media\/392"}],"wp:featuredmedia":[{"embeddable":true,"href":"https:\/\/demo.pensiongrol.nl\/fr\/wp-json\/wp\/v2\/media\/86"}],"wp:attachment":[{"href":"https:\/\/demo.pensiongrol.nl\/fr\/wp-json\/wp\/v2\/media?parent=126"}],"curies":[{"name":"wp","href":"https:\/\/api.w.org\/{rel}","templated":true}]}}

<p>La Chambre des Roses est une chambre double de luxe située au premier étage, dotée d’un lit double spacieux et extra-long. Les rideaux aux motifs de roses et le papier peint floral font de cette pièce une chambre magnifique et chaleureuse. </p>
<ul>
<li>Lit double (1,80 m x 2,10 m)</li>
<li>Salle de bain avec douche et toilettes</li>
<li>Coin salon avec deux chaises</li>
<li>Table à manger avec deux chaises</li>
<li>Penderie</li>
<li>Petit réfrigérateur</li>
<li>Téléviseur à écran plat (orientable, visible également depuis le lit)</li>
<li>Toutes les chambres disposent d’une connexion Wi-Fi gratuite, d’un coffre-fort, d’un réfrigérateur, d’un sèche-cheveux, d’une machine à café Senseo et d’une bouilloire</li>
</ul>

<p>La Chambre des Roses, située au premier étage, est une chambre double de luxe avec un lit double spacieux et extra-long. Les rideaux de roses et le papier peint floral&#8230; </p>

Luxueuse chambre pour deux personnes au 1er étage avec un lit spacieux et extra long pour deux personnes. Les tentures et le papier peint ...
