{"id":121,"date":"2026-04-29T18:40:46","date_gmt":"2026-04-29T16:40:46","guid":{"rendered":"https:\/\/pensiongrol-new:8890\/kamer\/chambre-du-milieu\/"},"modified":"2026-05-03T21:45:34","modified_gmt":"2026-05-03T19:45:34","slug":"chambre-du-milieu","status":"publish","type":"kamer","link":"https:\/\/demo.pensiongrol.nl\/fr\/kamer\/chambre-du-milieu\/","title":{"rendered":"Chambre du Milieu"},"content":{"rendered":"<p>La Chambre du Milieu est une chambre double de luxe situ\u00e9e au rez-de-chauss\u00e9e. Cette chambre spacieuse et majestueuse se trouve sur le c\u00f4t\u00e9 de la maison et offre une vue sur la partie du jardin o\u00f9 se situent les places de parking. <\/p>\n<ul>\n<li>Lit double (1,60 m x 2,10 m)<\/li>\n<li>Salle de bain avec douche et toilettes<\/li>\n<li>Coin salon avec canap\u00e9<\/li>\n<li>Table \u00e0 manger avec deux chaises<\/li>\n<li>Penderie<\/li>\n<li>Petit r\u00e9frig\u00e9rateur<\/li>\n<li>Grande t\u00e9l\u00e9vision \u00e0 \u00e9cran plat (pivotante et \u00e9galement visible depuis le lit)<\/li>\n<li>Chiens admis (max. 1 chien : 10,00 \u20ac par chien et par jour)<\/li>\n<li>Les chiens ne sont admis que dans la Chambre du Milieu et dans la Chambre Rouge<\/li>\n<li>Toutes les chambres disposent d\u2019une connexion Wi-Fi gratuite, d\u2019un coffre-fort, d\u2019un r\u00e9frig\u00e9rateur, d\u2019un s\u00e8che-cheveux, d\u2019une machine \u00e0 caf\u00e9 Senseo et d\u2019une bouilloire<\/li>\n<\/ul>\n","protected":false},"excerpt":{"rendered":"<p>La Chambre du Milieu est une chambre double de luxe situ\u00e9e au rez-de-chauss\u00e9e. Cette chambre spacieuse et majestueuse se trouve sur le c\u00f4t\u00e9 de la maison et offre une vue &#8230; <\/p>\n","protected":false},"featured_media":94,"menu_order":4,"template":"","class_list":["post-121","kamer","type-kamer","status-publish","has-post-thumbnail","hentry"],"acf":{"kamer_beschrijving":"Luxueuse et vaste chambre pour deux personnes au rez-de-chauss\u00e9e. Cette chambre de caract\u00e8re se trouve sur le c\u00f4t\u00e9 de la maison avec vue ...","kamer_fotogalerij":[366,95,96,97],"kamer_max_personen":2,"kamer_prijs_van":140,"kamer_prijs_tot":180,"kamer_verdieping":"BG","kamer_oppervlakte":"","kamer_bed_type":"Tweepersoonsbed 1,60m \u00d7 2,10m","kamer_voorzieningen":["badkamer","wifi","tv","kluis"]},"_links":{"self":[{"href":"https:\/\/demo.pensiongrol.nl\/fr\/wp-json\/wp\/v2\/kamer\/121","targetHints":{"allow":["GET"]}}],"collection":[{"href":"https:\/\/demo.pensiongrol.nl\/fr\/wp-json\/wp\/v2\/kamer"}],"about":[{"href":"https:\/\/demo.pensiongrol.nl\/fr\/wp-json\/wp\/v2\/types\/kamer"}],"acf:attachment":[{"embeddable":true,"href":"https:\/\/demo.pensiongrol.nl\/fr\/wp-json\/wp\/v2\/media\/97"},{"embeddable":true,"href":"https:\/\/demo.pensiongrol.nl\/fr\/wp-json\/wp\/v2\/media\/96"},{"embeddable":true,"href":"https:\/\/demo.pensiongrol.nl\/fr\/wp-json\/wp\/v2\/media\/95"},{"embeddable":true,"href":"https:\/\/demo.pensiongrol.nl\/fr\/wp-json\/wp\/v2\/media\/366"}],"wp:featuredmedia":[{"embeddable":true,"href":"https:\/\/demo.pensiongrol.nl\/fr\/wp-json\/wp\/v2\/media\/94"}],"wp:attachment":[{"href":"https:\/\/demo.pensiongrol.nl\/fr\/wp-json\/wp\/v2\/media?parent=121"}],"curies":[{"name":"wp","href":"https:\/\/api.w.org\/{rel}","templated":true}]}}

<p>La Chambre du Milieu est une chambre double de luxe située au rez-de-chaussée. Cette chambre spacieuse et majestueuse se trouve sur le côté de la maison et offre une vue sur la partie du jardin où se situent les places de parking. </p>
<ul>
<li>Lit double (1,60 m x 2,10 m)</li>
<li>Salle de bain avec douche et toilettes</li>
<li>Coin salon avec canapé</li>
<li>Table à manger avec deux chaises</li>
<li>Penderie</li>
<li>Petit réfrigérateur</li>
<li>Grande télévision à écran plat (pivotante et également visible depuis le lit)</li>
<li>Chiens admis (max. 1 chien : 10,00 € par chien et par jour)</li>
<li>Les chiens ne sont admis que dans la Chambre du Milieu et dans la Chambre Rouge</li>
<li>Toutes les chambres disposent d’une connexion Wi-Fi gratuite, d’un coffre-fort, d’un réfrigérateur, d’un sèche-cheveux, d’une machine à café Senseo et d’une bouilloire</li>
</ul>

<p>La Chambre du Milieu est une chambre double de luxe située au rez-de-chaussée. Cette chambre spacieuse et majestueuse se trouve sur le côté de la maison et offre une vue &#8230; </p>

Luxueuse et vaste chambre pour deux personnes au rez-de-chaussée. Cette chambre de caractère se trouve sur le côté de la maison avec vue ...
