{"id":118,"date":"2026-04-29T18:40:46","date_gmt":"2026-04-29T16:40:46","guid":{"rendered":"https:\/\/pensiongrol-new:8890\/kamer\/chambre-des-anges\/"},"modified":"2026-05-03T21:45:26","modified_gmt":"2026-05-03T19:45:26","slug":"chambre-des-anges","status":"publish","type":"kamer","link":"https:\/\/demo.pensiongrol.nl\/fr\/kamer\/chambre-des-anges\/","title":{"rendered":"Chambre des Anges"},"content":{"rendered":"<p>La Chambre des Anges est une chambre double de luxe situ\u00e9e au rez-de-chauss\u00e9e. Pour la salle de bain, nous avions trouv\u00e9 un magnifique carreau en relief repr\u00e9sentant un ange. Nous avons ensuite harmonis\u00e9 le reste de la chambre en fonction de celui-ci, et c\u2019est ainsi qu\u2019est n\u00e9e la superbe Chambre des Anges.  <\/p>\n<ul>\n<li>Lit double (1,60 m x 2,10 m)<\/li>\n<li>Salle de bain avec douche et toilettes<\/li>\n<li>Table \u00e0 manger avec deux chaises<\/li>\n<li>Penderie<\/li>\n<li>Petit r\u00e9frig\u00e9rateur<\/li>\n<li>T\u00e9l\u00e9viseur \u00e0 \u00e9cran plat (pivotant et visible depuis le lit)<\/li>\n<li>Toutes les chambres disposent d\u2019une connexion Wi-Fi gratuite, d\u2019un coffre-fort, d\u2019un r\u00e9frig\u00e9rateur, d\u2019un s\u00e8che-cheveux, d\u2019une machine \u00e0 caf\u00e9 Senseo et d\u2019une bouilloire<\/li>\n<\/ul>\n","protected":false},"excerpt":{"rendered":"<p>La Chambre des Anges est une chambre double de luxe situ\u00e9e au rez-de-chauss\u00e9e. Pour la salle de bain, nous avions trouv\u00e9 un magnifique carreau en relief repr\u00e9sentant un ange &#8230; <\/p>\n","protected":false},"featured_media":98,"menu_order":3,"template":"","class_list":["post-118","kamer","type-kamer","status-publish","has-post-thumbnail","hentry"],"acf":{"kamer_beschrijving":"Une luxueuse chambre pour deux personnes au rez-de-chauss\u00e9e. La salle de bains est d\u00e9cor\u00e9e avec un bas-relief repr\u00e9sentant un ange d\u2019o\u00f9 ...","kamer_fotogalerij":[363,99,100,101],"kamer_max_personen":2,"kamer_prijs_van":140,"kamer_prijs_tot":160,"kamer_verdieping":"BG","kamer_oppervlakte":"","kamer_bed_type":"Tweepersoonsbed 1,60m \u00d7 2,10m","kamer_voorzieningen":["badkamer","wifi","tv","kluis"]},"_links":{"self":[{"href":"https:\/\/demo.pensiongrol.nl\/fr\/wp-json\/wp\/v2\/kamer\/118","targetHints":{"allow":["GET"]}}],"collection":[{"href":"https:\/\/demo.pensiongrol.nl\/fr\/wp-json\/wp\/v2\/kamer"}],"about":[{"href":"https:\/\/demo.pensiongrol.nl\/fr\/wp-json\/wp\/v2\/types\/kamer"}],"acf:attachment":[{"embeddable":true,"href":"https:\/\/demo.pensiongrol.nl\/fr\/wp-json\/wp\/v2\/media\/101"},{"embeddable":true,"href":"https:\/\/demo.pensiongrol.nl\/fr\/wp-json\/wp\/v2\/media\/100"},{"embeddable":true,"href":"https:\/\/demo.pensiongrol.nl\/fr\/wp-json\/wp\/v2\/media\/99"},{"embeddable":true,"href":"https:\/\/demo.pensiongrol.nl\/fr\/wp-json\/wp\/v2\/media\/363"}],"wp:featuredmedia":[{"embeddable":true,"href":"https:\/\/demo.pensiongrol.nl\/fr\/wp-json\/wp\/v2\/media\/98"}],"wp:attachment":[{"href":"https:\/\/demo.pensiongrol.nl\/fr\/wp-json\/wp\/v2\/media?parent=118"}],"curies":[{"name":"wp","href":"https:\/\/api.w.org\/{rel}","templated":true}]}}

<p>La Chambre des Anges est une chambre double de luxe située au rez-de-chaussée. Pour la salle de bain, nous avions trouvé un magnifique carreau en relief représentant un ange. Nous avons ensuite harmonisé le reste de la chambre en fonction de celui-ci, et c’est ainsi qu’est née la superbe Chambre des Anges.  </p>
<ul>
<li>Lit double (1,60 m x 2,10 m)</li>
<li>Salle de bain avec douche et toilettes</li>
<li>Table à manger avec deux chaises</li>
<li>Penderie</li>
<li>Petit réfrigérateur</li>
<li>Téléviseur à écran plat (pivotant et visible depuis le lit)</li>
<li>Toutes les chambres disposent d’une connexion Wi-Fi gratuite, d’un coffre-fort, d’un réfrigérateur, d’un sèche-cheveux, d’une machine à café Senseo et d’une bouilloire</li>
</ul>

<p>La Chambre des Anges est une chambre double de luxe située au rez-de-chaussée. Pour la salle de bain, nous avions trouvé un magnifique carreau en relief représentant un ange &#8230; </p>

Une luxueuse chambre pour deux personnes au rez-de-chaussée. La salle de bains est décorée avec un bas-relief représentant un ange d’où ...
