{"id":115,"date":"2026-04-29T18:40:46","date_gmt":"2026-04-29T16:40:46","guid":{"rendered":"https:\/\/pensiongrol-new:8890\/kamer\/chambre-tulipe\/"},"modified":"2026-05-03T21:45:18","modified_gmt":"2026-05-03T19:45:18","slug":"chambre-tulipe","status":"publish","type":"kamer","link":"https:\/\/demo.pensiongrol.nl\/fr\/kamer\/chambre-tulipe\/","title":{"rendered":"Chambre Tulipe"},"content":{"rendered":"<p>La Chambre Tulipe est une chambre double de luxe \u00e9quip\u00e9e d\u2019un lit boxspring de 1,80 m x 2,10 m. C\u2019est une chambre tr\u00e8s lumineuse, situ\u00e9e au premier \u00e9tage.<\/p>\n<ul>\n<li>Lit boxspring Tulipe (1,80 m x 2,10 m)<\/li>\n<li>Salle de bain avec douche et toilettes<\/li>\n<li>Coin salon avec deux chaises<\/li>\n<li>Table \u00e0 manger avec deux chaises<\/li>\n<li>Grande armoire<\/li>\n<li>Grand r\u00e9frig\u00e9rateur<\/li>\n<li>T\u00e9l\u00e9viseur \u00e0 \u00e9cran plat (non pivotant ; il est toutefois possible de regarder la t\u00e9l\u00e9vision depuis le lit)<\/li>\n<li>Toutes les chambres disposent d\u2019une connexion Wi-Fi gratuite, d\u2019un coffre-fort, d\u2019un r\u00e9frig\u00e9rateur, d\u2019un s\u00e8che-cheveux, d\u2019une machine \u00e0 caf\u00e9 Senseo et d\u2019une bouilloire<\/li>\n<\/ul>\n","protected":false},"excerpt":{"rendered":"<p>La Chambre Tulipe est une chambre double de luxe \u00e9quip\u00e9e d\u2019un lit boxspring de 1,80 m x 2,10 m. C\u2019est une chambre tr\u00e8s lumineuse, situ\u00e9e au premier \u00e9tage.<\/p>\n","protected":false},"featured_media":102,"menu_order":2,"template":"","class_list":["post-115","kamer","type-kamer","status-publish","has-post-thumbnail","hentry"],"acf":{"kamer_beschrijving":"La Chambre Tulipe est une chambre luxueuse pour deux personnes avec un lit pour deux personnes (lit boxspring: 1,80 m. x 2,10 m.) C\u2019est une chambre ...","kamer_fotogalerij":[360,103,104,105],"kamer_max_personen":2,"kamer_prijs_van":140,"kamer_prijs_tot":160,"kamer_verdieping":"1e","kamer_oppervlakte":"","kamer_bed_type":"Boxspring 1,80m \u00d7 2,10m","kamer_voorzieningen":["badkamer","wifi","tv","kluis"]},"_links":{"self":[{"href":"https:\/\/demo.pensiongrol.nl\/fr\/wp-json\/wp\/v2\/kamer\/115","targetHints":{"allow":["GET"]}}],"collection":[{"href":"https:\/\/demo.pensiongrol.nl\/fr\/wp-json\/wp\/v2\/kamer"}],"about":[{"href":"https:\/\/demo.pensiongrol.nl\/fr\/wp-json\/wp\/v2\/types\/kamer"}],"acf:attachment":[{"embeddable":true,"href":"https:\/\/demo.pensiongrol.nl\/fr\/wp-json\/wp\/v2\/media\/105"},{"embeddable":true,"href":"https:\/\/demo.pensiongrol.nl\/fr\/wp-json\/wp\/v2\/media\/104"},{"embeddable":true,"href":"https:\/\/demo.pensiongrol.nl\/fr\/wp-json\/wp\/v2\/media\/103"},{"embeddable":true,"href":"https:\/\/demo.pensiongrol.nl\/fr\/wp-json\/wp\/v2\/media\/360"}],"wp:featuredmedia":[{"embeddable":true,"href":"https:\/\/demo.pensiongrol.nl\/fr\/wp-json\/wp\/v2\/media\/102"}],"wp:attachment":[{"href":"https:\/\/demo.pensiongrol.nl\/fr\/wp-json\/wp\/v2\/media?parent=115"}],"curies":[{"name":"wp","href":"https:\/\/api.w.org\/{rel}","templated":true}]}}

<p>La Chambre Tulipe est une chambre double de luxe équipée d’un lit boxspring de 1,80 m x 2,10 m. C’est une chambre très lumineuse, située au premier étage.</p>
<ul>
<li>Lit boxspring Tulipe (1,80 m x 2,10 m)</li>
<li>Salle de bain avec douche et toilettes</li>
<li>Coin salon avec deux chaises</li>
<li>Table à manger avec deux chaises</li>
<li>Grande armoire</li>
<li>Grand réfrigérateur</li>
<li>Téléviseur à écran plat (non pivotant ; il est toutefois possible de regarder la télévision depuis le lit)</li>
<li>Toutes les chambres disposent d’une connexion Wi-Fi gratuite, d’un coffre-fort, d’un réfrigérateur, d’un sèche-cheveux, d’une machine à café Senseo et d’une bouilloire</li>
</ul>

<p>La Chambre Tulipe est une chambre double de luxe équipée d’un lit boxspring de 1,80 m x 2,10 m. C’est une chambre très lumineuse, située au premier étage.</p>
