{"id":137,"date":"2026-04-29T18:40:46","date_gmt":"2026-04-29T16:40:46","guid":{"rendered":"https:\/\/pensiongrol-new:8890\/kamer\/sonnenzimmer\/"},"modified":"2026-05-03T21:46:47","modified_gmt":"2026-05-03T19:46:47","slug":"sonnenzimmer","status":"publish","type":"kamer","link":"https:\/\/demo.pensiongrol.nl\/de\/kamer\/sonnenzimmer\/","title":{"rendered":"Sonnenzimmer"},"content":{"rendered":"<p>Das Sonnenzimmer ist unser Einzelzimmer und befindet sich in der ersten Etage. Obwohl unser Einzelzimmer nat\u00fcrlich viel kleiner ist als unsere Doppelzimmer, ist dieses Zimmer sehr gem\u00fctlich und einladend. Auch dieses Zimmer verf\u00fcgt selbstverst\u00e4ndlich \u00fcber ein eigenes Badezimmer. <\/p>\n<ul>\n<li>Einzelbett (0,90 m x 2,00 m)<\/li>\n<li>Badezimmer mit Dusche und WC<\/li>\n<li>Klapptisch mit 1 Stuhl<\/li>\n<li>Klimaanlage, sowohl mit Kalt- als auch Warmluft<\/li>\n<li>Kleiderschrank<\/li>\n<li>Kleiner K\u00fchlschrank<\/li>\n<li>Flachbild-TV (drehbar und auch vom Bett aus einsehbar)<\/li>\n<li>Alle Zimmer verf\u00fcgen \u00fcber kostenloses WLAN, Safe, K\u00fchlschrank, F\u00f6hn, Senseo-Kaffeemaschine und einen Wasserkocher<\/li>\n<\/ul>\n","protected":false},"excerpt":{"rendered":"<p>Das Sonnenzimmer ist unser Einzelzimmer und befindet sich in der ersten Etage. Obwohl unser Einzelzimmer nat\u00fcrlich viel kleiner ist als unsere Doppelzimmer &#8230; <\/p>\n","protected":false},"featured_media":74,"menu_order":10,"template":"","class_list":["post-137","kamer","type-kamer","status-publish","has-post-thumbnail","hentry"],"acf":{"kamer_beschrijving":"Beim Sonnenzimmer handelt es sich um unser Einzelzimmer auf der ersten Etage. Obwohl dieses Zimmer kleiner ist ...","kamer_fotogalerij":[395,75,76,77],"kamer_max_personen":1,"kamer_prijs_van":75,"kamer_prijs_tot":115,"kamer_verdieping":"1e","kamer_oppervlakte":"","kamer_bed_type":"Eenpersoonsbed 0,90m \u00d7 2,00m","kamer_voorzieningen":["badkamer","wifi","tv","kluis","airco"]},"_links":{"self":[{"href":"https:\/\/demo.pensiongrol.nl\/de\/wp-json\/wp\/v2\/kamer\/137","targetHints":{"allow":["GET"]}}],"collection":[{"href":"https:\/\/demo.pensiongrol.nl\/de\/wp-json\/wp\/v2\/kamer"}],"about":[{"href":"https:\/\/demo.pensiongrol.nl\/de\/wp-json\/wp\/v2\/types\/kamer"}],"acf:attachment":[{"embeddable":true,"href":"https:\/\/demo.pensiongrol.nl\/de\/wp-json\/wp\/v2\/media\/77"},{"embeddable":true,"href":"https:\/\/demo.pensiongrol.nl\/de\/wp-json\/wp\/v2\/media\/76"},{"embeddable":true,"href":"https:\/\/demo.pensiongrol.nl\/de\/wp-json\/wp\/v2\/media\/75"},{"embeddable":true,"href":"https:\/\/demo.pensiongrol.nl\/de\/wp-json\/wp\/v2\/media\/395"}],"wp:featuredmedia":[{"embeddable":true,"href":"https:\/\/demo.pensiongrol.nl\/de\/wp-json\/wp\/v2\/media\/74"}],"wp:attachment":[{"href":"https:\/\/demo.pensiongrol.nl\/de\/wp-json\/wp\/v2\/media?parent=137"}],"curies":[{"name":"wp","href":"https:\/\/api.w.org\/{rel}","templated":true}]}}

<p>Das Sonnenzimmer ist unser Einzelzimmer und befindet sich in der ersten Etage. Obwohl unser Einzelzimmer natürlich viel kleiner ist als unsere Doppelzimmer, ist dieses Zimmer sehr gemütlich und einladend. Auch dieses Zimmer verfügt selbstverständlich über ein eigenes Badezimmer. </p>
<ul>
<li>Einzelbett (0,90 m x 2,00 m)</li>
<li>Badezimmer mit Dusche und WC</li>
<li>Klapptisch mit 1 Stuhl</li>
<li>Klimaanlage, sowohl mit Kalt- als auch Warmluft</li>
<li>Kleiderschrank</li>
<li>Kleiner Kühlschrank</li>
<li>Flachbild-TV (drehbar und auch vom Bett aus einsehbar)</li>
<li>Alle Zimmer verfügen über kostenloses WLAN, Safe, Kühlschrank, Föhn, Senseo-Kaffeemaschine und einen Wasserkocher</li>
</ul>

<p>Das Sonnenzimmer ist unser Einzelzimmer und befindet sich in der ersten Etage. Obwohl unser Einzelzimmer natürlich viel kleiner ist als unsere Doppelzimmer &#8230; </p>
