{"id":128,"date":"2026-04-29T18:40:46","date_gmt":"2026-04-29T16:40:46","guid":{"rendered":"https:\/\/pensiongrol-new:8890\/kamer\/prestigezimmer\/"},"modified":"2026-05-03T21:45:58","modified_gmt":"2026-05-03T19:45:58","slug":"prestigezimmer","status":"publish","type":"kamer","link":"https:\/\/demo.pensiongrol.nl\/de\/kamer\/prestigezimmer\/","title":{"rendered":"Prestige-Zimmer"},"content":{"rendered":"<p>Das Prestige-Zimmer ist ein sehr ger\u00e4umiges, luxuri\u00f6ses Doppelzimmer im Erdgeschoss. Dieses Zimmer ist geschmackvoll mit einem sch\u00f6nen Doppelbett eingerichtet. Dar\u00fcber hinaus verf\u00fcgt das Prestige-Zimmer \u00fcber eine Duschkabine mit verschiedenen Massagestrahlen und nat\u00fcrlich auch einer normalen Duschfunktion.  <\/p>\n<ul>\n<li>Doppelbett (1,80 m x 2,10 m)<\/li>\n<li>Duschkabine direkt im G\u00e4stezimmer (nicht im Badezimmer!)<\/li>\n<li>\u201eBadezimmer\u201c mit Toilette und Waschbecken<\/li>\n<li>Esstisch mit zwei St\u00fchlen<\/li>\n<li>Sitzecke mit zwei Sesseln (im Wintergarten am Eingang; geh\u00f6rt zum Prestige-Zimmer)<\/li>\n<li>Kleiderschrank<\/li>\n<li>Gro\u00dfer SMEG-K\u00fchlschrank<\/li>\n<li>Klimaanlage, sowohl mit Kalt- als auch Warmluft<\/li>\n<li>Flachbild-TV (drehbar und auch vom Bett aus einsehbar)<\/li>\n<li>Alle Zimmer verf\u00fcgen \u00fcber kostenloses WLAN, einen Safe, einen K\u00fchlschrank, einen F\u00f6hn, eine Senseo-Kaffeemaschine und einen Wasserkocher<\/li>\n<\/ul>\n","protected":false},"excerpt":{"rendered":"<p>Das Prestige-Zimmer ist ein sehr ger\u00e4umiges, luxuri\u00f6ses Doppelzimmer im Erdgeschoss. Dieses Zimmer ist geschmackvoll mit einem sch\u00f6nen Doppelbett eingerichtet &#8230; <\/p>\n","protected":false},"featured_media":70,"menu_order":7,"template":"","class_list":["post-128","kamer","type-kamer","status-publish","has-post-thumbnail","hentry"],"acf":{"kamer_beschrijving":"De Tulpenkamer is een luxe tweepersoonskamer met tweepersoons boxpringbed. Voorheen heette de Tulpenkamer de \u201cGele Kamer\u201d. Het is een hele lichte kamer, gelegen op de eerste etage","kamer_fotogalerij":[374,71,72,73],"kamer_max_personen":2,"kamer_prijs_van":160,"kamer_prijs_tot":200,"kamer_verdieping":"BG","kamer_oppervlakte":"","kamer_bed_type":"Tweepersoonsbed 1,80m \u00d7 2,10m","kamer_voorzieningen":["badkamer","wifi","tv","kluis","airco"]},"_links":{"self":[{"href":"https:\/\/demo.pensiongrol.nl\/de\/wp-json\/wp\/v2\/kamer\/128","targetHints":{"allow":["GET"]}}],"collection":[{"href":"https:\/\/demo.pensiongrol.nl\/de\/wp-json\/wp\/v2\/kamer"}],"about":[{"href":"https:\/\/demo.pensiongrol.nl\/de\/wp-json\/wp\/v2\/types\/kamer"}],"acf:attachment":[{"embeddable":true,"href":"https:\/\/demo.pensiongrol.nl\/de\/wp-json\/wp\/v2\/media\/73"},{"embeddable":true,"href":"https:\/\/demo.pensiongrol.nl\/de\/wp-json\/wp\/v2\/media\/72"},{"embeddable":true,"href":"https:\/\/demo.pensiongrol.nl\/de\/wp-json\/wp\/v2\/media\/71"},{"embeddable":true,"href":"https:\/\/demo.pensiongrol.nl\/de\/wp-json\/wp\/v2\/media\/374"}],"wp:featuredmedia":[{"embeddable":true,"href":"https:\/\/demo.pensiongrol.nl\/de\/wp-json\/wp\/v2\/media\/70"}],"wp:attachment":[{"href":"https:\/\/demo.pensiongrol.nl\/de\/wp-json\/wp\/v2\/media?parent=128"}],"curies":[{"name":"wp","href":"https:\/\/api.w.org\/{rel}","templated":true}]}}

<p>Das Prestige-Zimmer ist ein sehr geräumiges, luxuriöses Doppelzimmer im Erdgeschoss. Dieses Zimmer ist geschmackvoll mit einem schönen Doppelbett eingerichtet. Darüber hinaus verfügt das Prestige-Zimmer über eine Duschkabine mit verschiedenen Massagestrahlen und natürlich auch einer normalen Duschfunktion.  </p>
<ul>
<li>Doppelbett (1,80 m x 2,10 m)</li>
<li>Duschkabine direkt im Gästezimmer (nicht im Badezimmer!)</li>
<li>„Badezimmer“ mit Toilette und Waschbecken</li>
<li>Esstisch mit zwei Stühlen</li>
<li>Sitzecke mit zwei Sesseln (im Wintergarten am Eingang; gehört zum Prestige-Zimmer)</li>
<li>Kleiderschrank</li>
<li>Großer SMEG-Kühlschrank</li>
<li>Klimaanlage, sowohl mit Kalt- als auch Warmluft</li>
<li>Flachbild-TV (drehbar und auch vom Bett aus einsehbar)</li>
<li>Alle Zimmer verfügen über kostenloses WLAN, einen Safe, einen Kühlschrank, einen Föhn, eine Senseo-Kaffeemaschine und einen Wasserkocher</li>
</ul>

<p>Das Prestige-Zimmer ist ein sehr geräumiges, luxuriöses Doppelzimmer im Erdgeschoss. Dieses Zimmer ist geschmackvoll mit einem schönen Doppelbett eingerichtet &#8230; </p>
