{"id":120,"date":"2026-04-29T18:40:46","date_gmt":"2026-04-29T16:40:46","guid":{"rendered":"https:\/\/pensiongrol-new:8890\/kamer\/mittelzimmer\/"},"modified":"2026-05-03T21:45:34","modified_gmt":"2026-05-03T19:45:34","slug":"mittelzimmer","status":"publish","type":"kamer","link":"https:\/\/demo.pensiongrol.nl\/de\/kamer\/mittelzimmer\/","title":{"rendered":"Middenkamer"},"content":{"rendered":"<p>Das Middenkamer ist ein luxuri\u00f6ses Doppelzimmer im Erdgeschoss. Dieses ger\u00e4umige, herrschaftliche Zimmer befindet sich an der Seite des Hauses und bietet Blick auf den Teil des Gartens, in dem sich die Parkpl\u00e4tze befinden.<\/p>\n<ul>\n<li>Doppelbett (1,60 m x 2,10 m)<\/li>\n<li>Badezimmer mit Dusche und WC<\/li>\n<li>Sitzecke mit Couchgarnitur<\/li>\n<li>Esstisch mit zwei St\u00fchlen<\/li>\n<li>Kleiderschrank<\/li>\n<li>Kleiner K\u00fchlschrank<\/li>\n<li>Gro\u00dfer Flachbild-TV (drehbar und auch vom Bett aus einsehbar)<\/li>\n<li>Hunde erlaubt (max. 1 Hund: 10,00 \u20ac pro Hund und Tag)<\/li>\n<li>Hunde sind nur im Middenkamer und im Rode Kamer gestattet<\/li>\n<li>Alle Zimmer verf\u00fcgen \u00fcber kostenloses WLAN, einen Safe, einen K\u00fchlschrank, einen F\u00f6hn, eine Senseo-Kaffeemaschine und einen Wasserkocher<\/li>\n<\/ul>\n","protected":false},"excerpt":{"rendered":"<p>Das Middenkamer ist ein luxuri\u00f6ses Doppelzimmer im Erdgeschoss. Dieses ger\u00e4umige, herrschaftliche Zimmer befindet sich an der Seite des Hauses und bietet Blick &#8230;<\/p>\n","protected":false},"featured_media":94,"menu_order":4,"template":"","class_list":["post-120","kamer","type-kamer","status-publish","has-post-thumbnail","hentry"],"acf":{"kamer_beschrijving":"Das ebenerdige Mittelzimmer ist ein stilvolles Doppelzimmer. Das stattliche Zimmer ist ger\u00e4umig und befindet sich ...","kamer_fotogalerij":[365,95,96,97],"kamer_max_personen":2,"kamer_prijs_van":140,"kamer_prijs_tot":180,"kamer_verdieping":"BG","kamer_oppervlakte":"","kamer_bed_type":"Tweepersoonsbed 1,60m \u00d7 2,10m","kamer_voorzieningen":["badkamer","wifi","tv","kluis"]},"_links":{"self":[{"href":"https:\/\/demo.pensiongrol.nl\/de\/wp-json\/wp\/v2\/kamer\/120","targetHints":{"allow":["GET"]}}],"collection":[{"href":"https:\/\/demo.pensiongrol.nl\/de\/wp-json\/wp\/v2\/kamer"}],"about":[{"href":"https:\/\/demo.pensiongrol.nl\/de\/wp-json\/wp\/v2\/types\/kamer"}],"acf:attachment":[{"embeddable":true,"href":"https:\/\/demo.pensiongrol.nl\/de\/wp-json\/wp\/v2\/media\/97"},{"embeddable":true,"href":"https:\/\/demo.pensiongrol.nl\/de\/wp-json\/wp\/v2\/media\/96"},{"embeddable":true,"href":"https:\/\/demo.pensiongrol.nl\/de\/wp-json\/wp\/v2\/media\/95"},{"embeddable":true,"href":"https:\/\/demo.pensiongrol.nl\/de\/wp-json\/wp\/v2\/media\/365"}],"wp:featuredmedia":[{"embeddable":true,"href":"https:\/\/demo.pensiongrol.nl\/de\/wp-json\/wp\/v2\/media\/94"}],"wp:attachment":[{"href":"https:\/\/demo.pensiongrol.nl\/de\/wp-json\/wp\/v2\/media?parent=120"}],"curies":[{"name":"wp","href":"https:\/\/api.w.org\/{rel}","templated":true}]}}

<p>Das Middenkamer ist ein luxuriöses Doppelzimmer im Erdgeschoss. Dieses geräumige, herrschaftliche Zimmer befindet sich an der Seite des Hauses und bietet Blick auf den Teil des Gartens, in dem sich die Parkplätze befinden.</p>
<ul>
<li>Doppelbett (1,60 m x 2,10 m)</li>
<li>Badezimmer mit Dusche und WC</li>
<li>Sitzecke mit Couchgarnitur</li>
<li>Esstisch mit zwei Stühlen</li>
<li>Kleiderschrank</li>
<li>Kleiner Kühlschrank</li>
<li>Großer Flachbild-TV (drehbar und auch vom Bett aus einsehbar)</li>
<li>Hunde erlaubt (max. 1 Hund: 10,00 € pro Hund und Tag)</li>
<li>Hunde sind nur im Middenkamer und im Rode Kamer gestattet</li>
<li>Alle Zimmer verfügen über kostenloses WLAN, einen Safe, einen Kühlschrank, einen Föhn, eine Senseo-Kaffeemaschine und einen Wasserkocher</li>
</ul>

<p>Das Middenkamer ist ein luxuriöses Doppelzimmer im Erdgeschoss. Dieses geräumige, herrschaftliche Zimmer befindet sich an der Seite des Hauses und bietet Blick &#8230;</p>

Das ebenerdige Mittelzimmer ist ein stilvolles Doppelzimmer. Das stattliche Zimmer ist geräumig und befindet sich ...
